7.
-24
What is -12 (base 14) in base 11?
-15
What is -3c (base 14) in base 13?
-42
What is 2 (base 5) in base 8?
2
1002 (base 5) to base 8
177
What is 14 (base 12) in base 13?
13
Convert 1a (base 16) to base 15.
1b
What is -4 (base 12) in base 2?
-100
-2 (base 9) to base 16
-2
Convert 7 (base 11) to base 5.
12
0 (base 2) to base 13
0
Convert 8 (base 10) to base 16.
8
2 (base 4) to base 15
2
Convert -1 (base 16) to base 6.
-1
What is -243 (base 8) in base 6?
-431
What is 73 (base 15) in base 2?
1101100
-6 (base 12) to base 2
-110
What is -331 (base 5) in base 4?
-1123
-153 (base 6) to base 9
-76
What is 20 (base 3) in base 2?
110
5 (base 10) to base 5
10
What is -3 (base 16) in base 7?
-3
What is -8 (base 11) in base 12?
-8
What is 31 (base 4) in base 7?
16
What is 0 (base 8) in base 15?
0
Convert 7 (base 15) to base 3.
21
3 (base 5) to base 4
3
Convert -8 (base 15) to base 5.
-13
Convert -16 (base 12) to base 5.
-33
0 (base 14) to base 8
0
What is -22 (base 3) in base 12?
-8
Convert -2 (base 4) to base 15.
-2
2 (base 13) to base 14
2
What is -115 (base 8) in base 3?
-2212
Convert 11 (base 2) to base 7.
3
3 (base 13) to base 11
3
Convert -3 (base 8) to base 9.
-3
-4f (base 16) to base 10
-79
-5 (base 7) to base 2
-101
What is 28 (base 15) in base 5?
123
25 (base 12) to base 7
41
What is -62 (base 7) in base 2?
-101100
3 (base 7) to base 2
11
2 (base 5) to base 14
2
Convert -2 (base 10) to base 9.
-2
3 (base 16) to base 5
3
Convert 3 (base 16) to base 2.
11
What is -11 (base 2) in base 7?
-3
33 (base 7) to base 3
220
What is -6 (base 12) in base 13?
-6
Convert -3 (base 9) to base 5.
-3
What is -8 (base 12) in base 14?
-8
Convert 32 (base 7) to base 15.
18
Convert -10 (base 8) to base 14.
-8
Convert 101 (base 2) to base 3.
12
What is 2 (base 3) in base 9?
2
What is 101110 (base 2) in base 8?
56
What is 0 (base 5) in base 9?
0
Convert 10 (base 3) to base 10.
3
Convert -41 (base 6) to base 3.
-221
70 (base 9) to base 12
53
-26 (base 16) to base 15
-28
a (base 12) to base 3
101
Convert -65 (base 7) to base 13.
-38
Convert -7 (base 12) to base 8.
-7
Convert -a (base 14) to base 3.
-101
-7 (base 14) to base 7
-10
16c (base 16) to base 15
194
What is 10000 (base 3) in base 9?
100
What is -1010100 (base 2) in base 7?
-150
-21 (base 12) to base 2
-11001
What is -3 (base 16) in base 3?
-10
Convert -1 (base 9) to base 10.
-1
What is 13 (base 5) in base 15?
8
Convert 101 (base 3) to base 15.
a
-1 (base 4) to base 8
-1
What is -15 (base 10) in base 12?
-13
0 (base 4) to base 14
0
Convert -4 (base 7) to base 3.
-11
Convert -55 (base 7) to base 8.
-50
What is 190 (base 11) in base 15?
ea
Convert 20 (base 10) to base 11.
19
Convert -10 (base 3) to base 2.
-11
What is -28 (base 10) in base 15?
-1d
What is 11100 (base 2) in base 12?
24
What is 5 (base 11) in base 9?
5
-1 (base 11) to base 7
-1
Convert 285 (base 11) to base 14.
19d
4 (base 8) to base 16
4
What is 1 (base 10) in base 4?
1
-32 (base 9) to base 16
-1d
What is 29 (base 15) in base 7?
54
Convert -1 (base 12) to base 9.
-1
Convert 0 (base 14) to base 10.
0
Convert -1 (base 11) to base 16.
-1
What is -20 (base 4) in base 14?
-8
Convert -3a (base 15) to base 12.
-47
1 (base 12) to base 3
1
What is -61 (base 9) in base 12?
-47
-5 (base 13) to base 6
-5
1010110 (base 2) to base 8
126
Convert 11111 (base 2) to base 11.
29
Convert -19 (base 14) to base 2.
-10111
-3 (base 10) to base 13
-3
What is 51 (base 10) in base 14?
39
What is -23 (base 4) in base 10?
-11
What is 101 (base 5) in base 9?
28
-203 (base 6) to base 12
-63
Convert 3 (base 5) to base 11.
3
2 (base 14) to base 9
2
-283 (base 10) to base 7
-553
Convert -11 (base 16) to base 7.
-23
Convert 21 (base 7) to base 8.
17
Convert 2 (base 3) to base 4.
2
33 (base 9) to base 16
1e
-192 (base 11) to base 14
-11c
What is -7 (base 16) in base 7?
-10
What is -1c3 (base 13) in base 9?
-404
What is -2 (base 8) in base 7?
-2
-1 (base 5) to base 4
-1
-eb (base 15) to base 2
-11011101
What is 24 (base 9) in base 5?
42
Convert -5 (base 16) to base 5.
-10
Convert -8 (base 12) to base 16.
-8
What is -19 (base 14) in base 10?
-23
Convert 43 (base 9) to base 3.
1110
40 (base 14) to base 12
48
What is 18 (base 10) in base 14?
14
Convert 111010 (base 2) to base 13.
46
What is -12 (base 13) in base 7?
-21
What is -1 (base 8) in base 11?
-1
-3113 (base 4) to base 15
-e5
Convert -1 (base 11) to base 13.
-1
What is 3c (base 15) in base 16?
39
14 (base 6) to base 9
11
-100 (base 4) to base 11
-15
Convert 0 (base 9) to base 16.
0
Convert 54 (base 6) to base 16.
22
-1113 (base 4) to base 9
-106
What is 2 (base 6) in base 13?
2
1 (base 16) to base 7
1
Convert 21102 (base 3) to base 4.
3020
Convert a1 (base 13) to base 2.
10000011
Convert -120 (base 6) to base 8.
-60
Convert 1 (base 2) to base 4.
1
Convert 86 (base 13) to base 15.
75
6 (base 8) to base 9
6
-40 (base 9) to base 6
-100
2 (base 7) to base 11
2
What is -3 (base 16) in base 14?
-3
Convert a0 (base 14) to base 7.
260
-4 (base 5) to base 7
-4
What is 100 (base 3) in base 9?
10
What is 1000110 (base 2) in base 14?
50
What is a (base 16) in base 7?
13
What is 20 (base 3) in base 6?
10
24 (base 9) to base 12
1a
Convert 37 (base 11) to base 10.
40
Convert -3 (base 11) to base 3.
-10
Convert 130 (base 12) to base 2.
10110100
Convert -214 (base 12) to base 6.
-1224
-62 (base 12) to base 5
-244
53 (base 9) to base 15
33
What is -4 (base 5) in base 16?
-4
What is -6 (base 8) in base 11?
-6
What is -2 (base 4) in base 10?
-2
5 (base 16) to base 15
5
54 (base 9) to base 8
61
-12 (base 6) to base 16
-8
-1 (base 5) to base 4
-1
What is -1 (base 3) in base 16?
-1
What is 21 (base 3) in base 13?
7
Convert 3 (base 15) to base 8.
3
What is -216 (base 7) in base 11?
-a1
Convert -a (base 16) to base 7.
-13
Convert -3 (base 10) to base 11.
-3
What is 11 (base 2) in base 10?
3
What is -c (base 13) in base 16?
-c
What is 8 (base 11) in base 13?
8
What is 1 (base 6) in base 12?
1
What is 3 (base 9) in base 4?
3
344 (base 7) to base 3
20122
-2a (base 16) to base 14
-30
What is 2 (base 6) in base 9?
2
Convert -2 (base 14) to base 9.
-2
Convert -111 (base 2) to base 13.
-7
Convert -1211 (base 3) to base 4.
-301
23 (base 4) to base 2
1011
Convert -30 (base 7) to base 11.
-1a
What is -130 (base 6) in base 13?
-42
Convert 11 (base 2) to base 9.
3
80 (base 9) to base 3
2200
-4e (base 16) to base 8
-116
22 (base 4) to base 14
a
What is -3f (base 16) in base 4?
-333
6 (base 16) to base 11
6
What is 14 (base 14) in base 8?
22
5 (base 11) to base 7
5
Convert -1101 (base 2) to base 4.
-31
What is 10 (base 8) in base 4?
20
What is -20 (base 3) in base 7?
-6
-101 (base 3) to base 15
-a
2 (base 12) to base 16
2
-100 (base 2) to base 3
-11
Convert -144 (base 6) to base 8.
-100
2 (base 3) to base 8
2
15 (base 16) to base 11
1a
-2113 (base 4) to base 6
-411
What is -1 (base 16) in base 3?
-1
What is 42 (base 7) in base 9?
33
-151 (base 12) to base 7
-412
-1 (base 11) to base 13
-1
4 (base 13) to base 5
4
Convert 0 (base 6) to base 15.
0
What is 102 (base 3) in base 2?
1011
-2 (base 14) to base 8
-2
Convert 0 (base 13) to base 9.
0
-8 (base 10) to base 16
-8
54 (base 6) to base 4
202
What is 10 (base 4) in base 12?
4
What is -10b (base 13) in base 2?
-10110100
What is -113 (base 4) in base 12?
-1b
30 (base 14) to base 9
46
10 (base 12) to base 4
30
22 (base 6) to base 3
112
-38 (base 14) to base 7
-101
Convert -11 (base 2) to base 16.
-3
Convert 6 (base 16) to base 5.
11
What is 13 (base 6) in base 15?
9
Convert -20210 (base 3) to base 9.
-223
What is -2 (base 12) in base 8?
-2
What is -29 (base 15) in base 12?
-33
What is -2022 (base 4) in base 12?
-b6
-38 (base 12) to base 16
-2c
Convert -8b (base 15) to base 16.
-83
What is -11 (base 3) in base 6?
-4
-1a (base 11) to base 16
-15
What is 2 (base 6) in base 9?
2
What is -301 (base 4) in base 2?
-110001
Convert -6 (base 15) to base 10.
-6
What is 12 (base 10) in base 5?
22
-57 (base 12) to base 6
-151
Convert 4 (base 6) to base 8.
4
What is 100011 (base 2) in base 6?
55
Convert -a (base 14) to base 12.
-a
-1033 (base 4) to base 8
-117
20 (base 3) to base 5
11
Convert -1 (base 6) to base 12.
-1
What is -1 (base 14) in base 6?
-1
What is 10 (base 3) in base 2?
11
Convert -3 (base 8) to base 5.
-3
What is -7